f 41 and i?
41
Let u = 845 + -735. Calculate the greatest common divisor of u and 495.
55
Let o(x) = x**3 - 5*x**2 + 4*x - 10. Let j be o(5). What is the greatest common divisor of j and 1?
1
Let q be 135 + (-1 - -7)*28/(-42). Let v = -114 + q. Suppose -2*c - 2 + 36 = 0. Calculate the greatest common factor of v and c.
17
Suppose -5*b = -0*z + 3*z - 9, 4*z + 14 = 2*b. Suppose b*g - 2 - 7 = 0. Suppose -4*r = -g*r - 112. Calculate the highest common factor of 14 and r.
14
Let l(s) = -3 + 8*s - 1 - s**2 - s. Let w be l(6). Let k = -1229 + 1243. What is the highest common factor of w and k?
2
Suppose -3270 = -5*c + 68*t - 73*t, 4*t - 12 = 0. Calculate the greatest common divisor of 62 and c.
31
Let q be (390/(-104))/((-6)/8). Suppose q*n - 592 = -3*t + t, 0 = 4*t + 2*n - 1152. Calculate the greatest common divisor of 26 and t.
26
Let v = -77 - -597. Calculate the highest common factor of v and 208.
104
Suppose -2*f = z - 34, z + 9*f - 26 = 11*f. What is the highest common divisor of z and 230?
10
Let w(j) be the first derivative of 2*j**3/3 - 9*j**2/2 - 7*j + 6. Let r be w(7). What is the highest common factor of r and 308?
28
Suppose 5*s + k - 3*k - 158 = 0, -138 = -5*s - 3*k. Calculate the highest common divisor of 270 and s.
30
Let j(o) = o**3 - 16*o**2 + o + 22. Let v be j(16). Let p = -36 + v. Let h be 1 + (-2 - (2 - 9)). What is the highest common factor of p and h?
2
Let q be 60 + 0 - (26 + (18 - 37)). Calculate the highest common divisor of q and 689.
53
Suppose -n = 32 - 15. Let t(y) = y**3 + 16*y**2 - 19*y - 16. Let o be t(n). Calculate the highest common factor of 12 and o.
6
Let r be (240/(-45))/((-1)/39). What is the highest common factor of 39 and r?
13
Suppose 31*l + 12*l - 2107 = 0. Calculate the highest common divisor of l and 35.
7
Let b(l) = 20*l - 12. Let d(n) = -n**3 + 9*n**2 - 10*n + 7. Let c be d(8). Let h = c - -15. Let r be b(h). What is the greatest common factor of r and 27?
27
Let k = -800 + 807. What is the highest common divisor of k and 889?
7
Suppose -3*x + 23 = r, x - 37 = -3*r - 0*x. Calculate the highest common divisor of 319 and r.
11
Let z be (-4)/18 - 261/(-81). Suppose 19 = r + 3*b, -4*r - r + z*b = -23. Let q be r*(-15 - -4)*-1. What is the greatest common factor of q and 11?
11
Let v be 2/(2/(-17)) + 1. Suppose -329 = 11*b - 32. Let l = v - b. What is the highest common factor of 121 and l?
11
Suppose 0 = -w + 2*x + 10, -13 = -3*w + 4*x + 13. What is the highest common divisor of 75 and w?
3
Suppose -3*f = -4*d - 103 - 53, 5*f = -5*d + 295. Let s be (-48)/36 - 88/(-3). What is the greatest common divisor of f and s?
28
Suppose -11*d + 1107 + 6214 = -4*v, v = 2*d - 1330. Calculate the highest common divisor of d and 46.
23
Suppose 4*w = 3*t + 305, -5*w = -5*t - 388 + 8. Let a = -68 + w. Calculate the highest common divisor of 3 and a.
3
Suppose 4*l = 7*l + 84. Let t be (-1)/(-4) - 77/l. Suppose -s = -r - r - 19, -4*s + 43 = t*r. Calculate the highest common divisor of 13 and s.
13
Suppose -36*w + 66272 = -4*w. Calculate the greatest common divisor of 19 and w.
19
Let q be (-260)/32 - 2/(-16). Let f = 10 + q. Calculate the highest common factor of f and 10.
2
Suppose 12*f - 5*f = -483. Let m = -56 - f. Calculate the greatest common divisor of 169 and m.
13
Let u(j) = -j**3 - 8*j**2 - 8*j - 4. Let z be u(-7). Suppose -x + z*f = -11, 3*x + 3*f = f. Calculate the highest common divisor of x and 22.
2
Let m(v) = -4*v - 10. Let q be (-2)/(-5) + (-47)/5. Let c be m(q). Let r = 77 + -51. What is the greatest common divisor of c and r?
26
Let j = 130 - -26. What is the highest common factor of 12 and j?
12
Let w = 41 - 6. Let p = w + 91. What is the greatest common divisor of 14 and p?
14
Let v be (0 - (-33)/3) + (3 - 2). What is the greatest common factor of 456 and v?
12
Suppose n - 2 = 13. Let o(w) = -16*w + 20 + 9*w + 2*w + 7*w. Let i be o(n). Calculate the greatest common factor of 10 and i.
10
Suppose -5*z - 57 + 317 = 0. Suppose w = -3*w + z. Let x be (260/5)/(2/1). Calculate the greatest common factor of x and w.
13
Let v be 1/((-3*5/(-45))/1). Suppose -s - 2*r + 41 = 0, -5*s - 3*r = r - 181. What is the highest common factor of s and v?
3
Let u(g) = -g**3 + 2*g**2 + 4*g. Let z be u(3). Suppose -24 = -z*y - y. Let h(b) = -407*b - 748. Let x be h(-2). What is the greatest common divisor of x and y?
6
Let f(c) = -c - 8. Let d = 41 - 50. Let r be f(d). Suppose -4*o - 3 = -5*u, 2*o - 4*u + 7 = 1. Calculate the highest common factor of o and r.
1
Suppose -8 = -4*t, 5*k - 23*t + 18*t - 310 = 0. Calculate the greatest common divisor of 48 and k.
16
Suppose 271*s - 275*s = -496. Calculate the highest common factor of 155 and s.
31
Suppose 39 = -2*n + 195. Suppose l - 2*v + 20 = 3*l, 32 = 4*l + 2*v. Calculate the highest common factor of n and l.
6
Suppose 4*b - 2*d - 72 = 3*d, 3*b = 5*d + 49. Let v(u) = -10*u - 51. Let l be v(-12). Calculate the greatest common factor of b and l.
23
Suppose 2*k + 5*t - 7*t = 4144, 0 = 4*k - t - 8303. Calculate the highest common divisor of k and 67.
67
Let p = -1715 + 1724. Let d(n) = n**3 + 5*n**2 - 9*n - 9. Let i be d(-6). Calculate the greatest common divisor of i and p.
9
Let r = 84 + -50. Let f = 55 - r. Suppose 3*m - 581 = 2*b - 4, 5*m + 3*b - 930 = 0. Calculate the greatest common divisor of f and m.
21
Suppose 16 = -4*g, -523 = -5*p - g + 13. What is the greatest common factor of 360 and p?
36
Let i = -13 - -16. Suppose 352 = x + i*x. Let w = x + -40. Calculate the greatest common divisor of w and 6.
6
Suppose 2*x - 6*x + 4 = 4*q, -4*q = -x + 1. Let b be (6 - 2/1)/x. What is the highest common factor of b and 12?
4
Let f(p) = 7*p + 359. Let u be f(-47). What is the highest common factor of u and 285?
15
Suppose 2*v + 0 - 4 = 0, 0 = -3*o - v - 10. Let g be -1 + ((-12)/o - -12). Calculate the greatest common divisor of 112 and g.
14
Let i = 81 - 60. Suppose 2*b + 19 = 59. Let x be ((-112)/b)/((-2)/60). Calculate the highest common factor of x and i.
21
Suppose 510*f - 516*f + 504 = 0. What is the highest common divisor of f and 1596?
84
Suppose 73*b - 81*b + 320 = 0. Calculate the highest common divisor of 15 and b.
5
Suppose -3 = q - 6. Suppose 0 = -4*n - 5 - 3, 4*n + 38 = q*o. What is the highest common divisor of o and 70?
10
Let q be 0/(-1*(2 + -3)). Suppose -n + 7*n - 630 = q. What is the greatest common factor of 15 and n?
15
Suppose -3*w - 4 = -4*w + h, -3*h + 4 = -w. Suppose d = 3*g + w - 138, 3*d + 222 = 5*g. Calculate the highest common factor of 378 and g.
42
Let j(f) = f**3 + 7*f**2 - 20*f. Let s be j(-9). Suppose 6*x + s = 168. Calculate the greatest common factor of 10 and x.
5
Suppose 8*t - 27 = 21. What is the greatest common factor of 2 and t?
2
Let q(a) = -13*a - 21. Let m be q(-14). Calculate the highest common divisor of m and 23.
23
Let m = 35 - 22. Suppose 75*b - 6034 - 4691 = 0. What is the greatest common factor of m and b?
13
Suppose -6 = 4*k - 42. Let n(u) = u**3 - 6*u**2 + 8*u - 14. Let m be n(5). What is the greatest common factor of m and k?
1
Let q(y) = y**3 + 5*y**2 - y - 6. Let n be q(-5). Let r(i) = 15*i**2 - i. Let a be r(n). What is the greatest common divisor of a and 80?
16
Suppose -2*r = 5*m - 271, 0 = -3*m + r - 4*r + 159. What is the highest common divisor of 22 and m?
11
Let o be (-1 - (-192 - -2)) + -2. Suppose -3*d - 55*t + 58*t = -54, -5*t + 46 = 3*d. Calculate the highest common divisor of o and d.
17
Let m = 20 + -21. Let t be m/(-4) - 1428/(-48). What is the highest common factor of t and 10?
10
Let y = 193 + -186. What is the greatest common factor of y and 21?
7
Suppose -m = -3*v + 940, -3*v - m = -0*v - 950. Calculate the greatest common factor of v and 35.
35
Let y be (-2 + (1 - -2))/(-1). Let u be (11 - 3)/y*4. Let p be 219/4 + (-8)/u. Calculate the highest common factor of 22 and p.
11
Let r(a) = a**3 - a**2 + 2*a + 4. Let t be r(0). Let p = t - -51. What is the greatest common divisor of 11 and p?
11
Let p = 39 - -3. Let s = -524 + 538. Calculate the highest common divisor of p and s.
14
Suppose 349 = 2*q - 2*z - 131, -4*z + 510 = 2*q. Calculate the greatest common divisor of q and 98.
49
Let l be (-306)/(-12) - (-1)/(-2). Let c(s) = 11*s**2 - 1. Let w be 1/(-1 - (0 - 2)). Let h be c(w). Calculate the greatest common fa